{"id":3180,"date":"2020-06-14T18:23:22","date_gmt":"2020-06-14T21:23:22","guid":{"rendered":"http:\/\/www.ceotreinamentos.com.br\/ceocursos\/?page_id=3180"},"modified":"2020-06-14T19:19:43","modified_gmt":"2020-06-14T22:19:43","slug":"o-instrutor","status":"publish","type":"page","link":"https:\/\/www.ceotreinamentos.com.br\/ceocursos\/o-instrutor\/","title":{"rendered":"O Instrutor"},"content":{"rendered":"<p>[vc_row full_width=&#8221;stretch_row&#8221; parallax=&#8221;content-moving&#8221; css=&#8221;.vc_custom_1592161807913{background-color: #1f2227 !important;}&#8221;][vc_column][vc_row_inner][vc_column_inner offset=&#8221;vc_hidden-xs&#8221;][vc_empty_space height=&#8221;100px&#8221;][\/vc_column_inner][\/vc_row_inner][vc_row_inner][vc_column_inner width=&#8221;1\/4&#8243;][vc_single_image image=&#8221;2471&#8243; img_size=&#8221;full&#8221; onclick=&#8221;custom_link&#8221; css_animation=&#8221;fadeInLeft&#8221; link=&#8221;http:\/\/www.robsonzanetti.com.br\/&#8221;][vc_column_text]<ul class=\"social-icons-lists icons-background-square centre\">\n\n\t\t\t\n\t\t\t\t<li class=\"social-icons-list-item\">\n\t\t\t\t\t<a href=\"https:\/\/www.facebook.com\/robsonzanettiadvogado\/?fref=ts\" target=\"_blank\" class=\"social-icon\">\n\t\t\t\t\t\t<span class=\"socicon socicon-facebook\" style=\"padding: 10px; font-size: 16px; background-color: #3e5b98\"><\/span>\n\n\t\t\t\t\t\t\t\t\t\t\t<\/a>\n\t\t\t\t<\/li>\n\n\t\t\t\n\t\t\t\t<li class=\"social-icons-list-item\">\n\t\t\t\t\t<a href=\"https:\/\/www.linkedin.com\/in\/robsonzanetti\/\" target=\"_blank\" class=\"social-icon\">\n\t\t\t\t\t\t<span class=\"socicon socicon-linkedin\" style=\"padding: 10px; font-size: 16px; background-color: #3371b7\"><\/span>\n\n\t\t\t\t\t\t\t\t\t\t\t<\/a>\n\t\t\t\t<\/li>\n\n\t\t\t\n\t\t\t\t<li class=\"social-icons-list-item\">\n\t\t\t\t\t<a href=\"https:\/\/www.youtube.com\/channel\/UCIqbc9vL8MNZ2MCt7Y-cJBQ\" target=\"_blank\" class=\"social-icon\">\n\t\t\t\t\t\t<span class=\"socicon socicon-youtube\" style=\"padding: 10px; font-size: 16px; background-color: #e02a20\"><\/span>\n\n\t\t\t\t\t\t\t\t\t\t\t<\/a>\n\t\t\t\t<\/li>\n\n\t\t\t\n\t\t\t\t<li class=\"social-icons-list-item\">\n\t\t\t\t\t<a href=\"https:\/\/www.instagram.com\/robsonzanetti\/\" target=\"_blank\" class=\"social-icon\">\n\t\t\t\t\t\t<span class=\"socicon socicon-instagram\" style=\"padding: 10px; font-size: 16px; background-color: #9c7c6e\"><\/span>\n\n\t\t\t\t\t\t\t\t\t\t\t<\/a>\n\t\t\t\t<\/li>\n\n\t\t\t\n\t\t<\/ul>[\/vc_column_text][\/vc_column_inner][vc_column_inner width=&#8221;3\/4&#8243;][vc_column_text]<\/p>\n<p class=\"title_playlist\" style=\"text-align: left;\"><span style=\"color: #ffffff;\">Sobre o Instrutor<\/span><\/p>\n<p>[\/vc_column_text][vc_column_text]<span style=\"color: #ffffff;\">Todas estas apresenta\u00e7\u00f5es s\u00e3o feitas por <strong>ROBSON ZANETTI, <\/strong>advogado com mais de 25 anos de experi\u00eancia; <strong>atuou em causas relevantes<\/strong> de dissolu\u00e7\u00e3o societ\u00e1ria; \u00e9 autor do livro <strong>Manual da Sociedade Limitada com 457 p\u00e1ginas e pref\u00e1cio da Ministra do Superior Tribunal de Justi\u00e7a F\u00e1tima Nancy Andrigh<\/strong>i. Neste livro \u00e9 abordada a quest\u00e3o da dissolu\u00e7\u00e3o societ\u00e1ria e da responsabilidade dos s\u00f3cios e diretores, com mais de 2 mil cita\u00e7\u00f5es de casos pr\u00e1ticos, doutrina e jurisprud\u00eancia estrangeira ( Fran\u00e7a, It\u00e1lia, Espanha, Portugal, Alemanha ).<\/span><\/p>\n<p><span style=\"color: #ffffff;\">Realizou curso de <em>Doctorat <\/em>em <em>Droit Priv\u00e9 <\/em>na renomada <em>Universit\u00e9 de Paris 1 \u2013 Panth\u00e9on\/SORBONNE<\/em>. Concluiu o curso de <em>DEA <\/em>na <em>Universit\u00e9 de Paris<\/em> e <em>Corso Singolo <\/em>na prestigiada <em>Universit\u00e0 degli Studi di Milano<\/em> e foi pesquisador junto a <em>Universit\u00e0 La Sapienza <\/em>em Roma. \u00c9 juiz arbitral.<\/span><\/p>\n<p><span style=\"color: #ffcc99;\"><a style=\"color: #ffcc99;\" href=\"http:\/\/www.robsonzanetti.com.br\/\">www.robsonzanetti.com.br<\/a><\/span>[\/vc_column_text][\/vc_column_inner][\/vc_row_inner][vc_row_inner][vc_column_inner offset=&#8221;vc_hidden-xs&#8221;][vc_empty_space height=&#8221;100px&#8221;][\/vc_column_inner][\/vc_row_inner][vc_column_text]<\/p>\n<p class=\"title_playlist\" style=\"text-align: center;\"><span style=\"color: #ffffff;\">Conhe\u00e7a Robson Zanetti com nossas aulas gratuitas disponibilizadas no Youtube.<\/span><\/p>\n<p>[\/vc_column_text][vc_empty_space height=&#8221;60px&#8221;][\/vc_column][\/vc_row][vc_row css=&#8221;.vc_custom_1592162122753{margin-top: -100px !important;}&#8221;][vc_column]\r\n\t\t\t\t\t<div id=\"yt28811\" class=\"yt-defaults-videos-container yt-gallery-container-loading\" >\r\n\t\t\t\t\t\t<div class=\"yt-gallery-load-icon yt-first-load-container\" ><\/div>\r\n\t\t\t\t\t<\/div>\r\n\t\t\t\t\t<script>jQuery(document).on(\"youtubeVideoGalleryReady\",function(){jQuery(\"#yt28811\").J_ytGallery({\"api_key\":\"AIzaSyDgo8yjC3bmA0VJgqQ4exDcoLqjvOTFKS4\",\"data\":[{\"name\":\"CEO Treinamentos\",\"urls\":\"https:\\\/\\\/www.youtube.com\\\/channel\\\/UCIqbc9vL8MNZ2MCt7Y-cJBQ\\\/\"}],\"layout_tabs\":false,\"layout\":\"carousel\",\"style\":\"carousel-classic-1\",\"layout_items_per_page\":10,\"layout_pagination\":\"infinite\",\"layout_mobile\":\"default\",\"layout_portrait_tablet\":\"default\",\"layout_landscape_tablet\":\"default\",\"layout_small_desktop\":\"default\",\"layout_medium_desktop\":\"default\",\"layout_large_desktop\":\"default\",\"layout_extra_large_desktop\":\"default\",\"layout_img_size\":\"high\",\"layout_play_mode\":\"popup\",\"layout_title\":true,\"layout_title_one_line\":true,\"layout_description\":true,\"layout_description_length\":60,\"layout_duration\":true,\"layout_views_counter\":true,\"layout_likes_counter\":true,\"layout_dislikes_counter\":false,\"layout_date\":true,\"layout_comments_counter\":true,\"layout_play_btn\":true,\"header\":false,\"header_source\":\"\",\"header_style\":\"default\",\"header_logo\":true,\"header_channel_name\":true,\"header_channel_description\":false,\"header_videos_counter\":true,\"header_subscribers_counter\":true,\"header_views_counter\":true,\"header_subscribe_button\":true,\"header_custom_channel_name\":\"\",\"header_custom_channel_description\":\"\",\"player_autoplay\":true,\"popup_width\":\"\",\"popup_title\":true,\"popup_channel_logo\":true,\"popup_channel_name\":true,\"popup_subscribe_button\":true,\"popup_views_counter\":true,\"popup_likes_counter\":true,\"popup_dislikes_counter\":true,\"popup_likes_ratio\":true,\"popup_date\":true,\"popup_description\":true,\"popup_description_more_button\":true,\"popup_comments\":true,\"popup_share\":{\"show\":true,\"facebook\":true,\"twitter\":true,\"google\":true,\"linkedIn\":false,\"tumblr\":false,\"pinterest\":false,\"vk\":false,\"email\":true},\"popup_ads\":{\"enabled\":true,\"ad_type\":\"ga\",\"google_ads_client_id\":\"\",\"google_ads_slot_id\":\"\",\"ad_image\":[]},\"player_video_ads\":{\"enabled\":true,\"ad_type\":\"ga\",\"google_ads_client_id\":\"\",\"google_ads_slot_id\":\"\",\"ad_image\":[],\"ad_video\":[],\"time_to_show_ads\":[0],\"time_skip_ads\":5,\"time_to_hide_ads\":10},\"player_inline_light\":true,\"player_inline_close\":true,\"time_locale\":\"pt-br\",\"text_views\":\"Visualiza\\u00e7\\u00f5es\",\"text_comments\":\"Coment\\u00e1rios\",\"text_likes\":\"Gostaram\",\"text_dislikes\":\"N\\u00e3o Gostaram\",\"text_load_more\":\"Carregar Mais\",\"text_prev\":\"Anterior\",\"text_next\":\"Pr\\u00f3ximo\",\"text_already_loaded\":\"Todos os v\\u00eddeos dispon\\u00edveis est\\u00e3o carregados.\",\"text_show_more\":\"Mostrar mais\",\"text_show_less\":\"Mostrar menos\",\"text_published_at\":\"Publicado em\",\"text_view_all_replies\":\"Ver respostas\",\"text_load_ads\":\"Carregando an\\u00fancio...\",\"text_skip_ad_in\":\"Pular an\\u00fancio em\",\"text_skip_ads\":\"Pular An\\u00fancio\",\"carousel_config\":{\"spaceBetween\":20,\"speed\":600,\"autoplay\":\"\",\"slidesPerView\":3,\"slidesPerColumn\":1,\"breakpoints\":{\"768\":{\"slidesPerView\":1,\"spaceBetween\":20}}},\"main_font\":\"\",\"main_font_size\":\"\",\"main_font_letter_spacing\":\"\",\"main_font_weight\":\"\",\"main_font_style\":\"\",\"main_font_transform\":\"\",\"main_font_line_height\":\"\",\"heading_font\":\"\",\"heading_font_size\":\"\",\"heading_font_letter_spacing\":\"\",\"heading_font_weight\":\"\",\"heading_font_style\":\"\",\"heading_font_transform\":\"\",\"heading_font_line_height\":\"\",\"meta_font\":\"\",\"meta_font_size\":\"\",\"meta_font_letter_spacing\":\"\",\"meta_font_weight\":\"\",\"meta_font_style\":\"\",\"meta_font_transform\":\"\",\"meta_font_line_height\":\"\",\"main_color\":\"#dd9933\",\"background_color\":\"\",\"content_background_color\":\"\",\"item_background_color\":\"\",\"divider_color\":\"\",\"button_color\":\"\",\"button_background_color\":\"\",\"button_background_hover_color\":\"\",\"tab_color\":\"\",\"tab_hover_color\":\"\",\"title_color\":\"\",\"title_hover_color\":\"\",\"text_color\":\"\",\"meta_color\":\"\",\"header_logo_border_color\":\"\",\"header_channel_name_color\":\"\",\"header_channel_name_hover_color\":\"\",\"header_text_color\":\"\",\"header_meta_color\":\"\",\"header_meta_background_color\":\"\",\"popup_background\":\"\",\"popup_button_color\":\"\",\"popup_button_background_color\":\"\",\"popup_button_background_hover_color\":\"\",\"popup_heading_color\":\"\",\"popup_heading_hover_color\":\"\",\"popup_link_color\":\"\",\"popup_link_hover_color\":\"\",\"popup_text_color\":\"\",\"popup_meta_color\":\"\",\"popup_divider_color\":\"\",\"rnd_id\":\"yt28811\"});});<\/script>\r\n\t\t\t\t\t[\/vc_column][\/vc_row][vc_row gap=&#8221;15&#8243; css=&#8221;.vc_custom_1592172633660{margin-top: 80px !important;margin-bottom: 80px !important;}&#8221;][vc_column][vc_column_text]<\/p>\n<p class=\"title_playlist\" style=\"text-align: center;\"><span style=\"color: #1f2227;\">Destaques sobre o instrutor:<\/span><\/p>\n<p>[\/vc_column_text][vc_row_inner gap=&#8221;35&#8243;][vc_column_inner width=&#8221;1\/4&#8243;][vc_single_image image=&#8221;3192&#8243; img_size=&#8221;large&#8221; alignment=&#8221;center&#8221; css_animation=&#8221;fadeInUp&#8221;][\/vc_column_inner][vc_column_inner width=&#8221;1\/4&#8243;][vc_single_image image=&#8221;3193&#8243; img_size=&#8221;large&#8221; alignment=&#8221;center&#8221; css_animation=&#8221;fadeInUp&#8221;][\/vc_column_inner][vc_column_inner width=&#8221;1\/4&#8243;][vc_single_image image=&#8221;3194&#8243; img_size=&#8221;large&#8221; alignment=&#8221;center&#8221; css_animation=&#8221;fadeInUp&#8221;][\/vc_column_inner][vc_column_inner width=&#8221;1\/4&#8243;][vc_single_image image=&#8221;3196&#8243; img_size=&#8221;large&#8221; alignment=&#8221;center&#8221; css_animation=&#8221;fadeInUp&#8221;][\/vc_column_inner][\/vc_row_inner][\/vc_column][\/vc_row]<\/p>\n","protected":false},"excerpt":{"rendered":"<p>[vc_row full_width=&#8221;stretch_row&#8221; parallax=&#8221;content-moving&#8221; css=&#8221;.vc_custom_1592161807913{background-color: #1f2227 !important;}&#8221;][vc_column][vc_row_inner][vc_column_inner offset=&#8221;vc_hidden-xs&#8221;][vc_empty_space height=&#8221;100px&#8221;][\/vc_column_inner][\/vc_row_inner][vc_row_inner][vc_column_inner width=&#8221;1\/4&#8243;][vc_single_image image=&#8221;2471&#8243; img_size=&#8221;full&#8221; onclick=&#8221;custom_link&#8221; css_animation=&#8221;fadeInLeft&#8221; link=&#8221;http:\/\/www.robsonzanetti.com.br\/&#8221;][vc_column_text][\/vc_column_text][\/vc_column_inner][vc_column_inner width=&#8221;3\/4&#8243;][vc_column_text] Sobre o Instrutor [\/vc_column_text][vc_column_text]Todas estas apresenta\u00e7\u00f5es s\u00e3o feitas por ROBSON ZANETTI, advogado com mais de &hellip; <br \/><a href=\"https:\/\/www.ceotreinamentos.com.br\/ceocursos\/o-instrutor\/\" class=\"more-link\">Continue reading <span class=\"screen-reader-text\">O Instrutor<\/span><\/a><\/p>\n","protected":false},"author":1,"featured_media":0,"parent":0,"menu_order":0,"comment_status":"closed","ping_status":"closed","template":"","meta":[],"_links":{"self":[{"href":"https:\/\/www.ceotreinamentos.com.br\/ceocursos\/wp-json\/wp\/v2\/pages\/3180"}],"collection":[{"href":"https:\/\/www.ceotreinamentos.com.br\/ceocursos\/wp-json\/wp\/v2\/pages"}],"about":[{"href":"https:\/\/www.ceotreinamentos.com.br\/ceocursos\/wp-json\/wp\/v2\/types\/page"}],"author":[{"embeddable":true,"href":"https:\/\/www.ceotreinamentos.com.br\/ceocursos\/wp-json\/wp\/v2\/users\/1"}],"replies":[{"embeddable":true,"href":"https:\/\/www.ceotreinamentos.com.br\/ceocursos\/wp-json\/wp\/v2\/comments?post=3180"}],"version-history":[{"count":14,"href":"https:\/\/www.ceotreinamentos.com.br\/ceocursos\/wp-json\/wp\/v2\/pages\/3180\/revisions"}],"predecessor-version":[{"id":3206,"href":"https:\/\/www.ceotreinamentos.com.br\/ceocursos\/wp-json\/wp\/v2\/pages\/3180\/revisions\/3206"}],"wp:attachment":[{"href":"https:\/\/www.ceotreinamentos.com.br\/ceocursos\/wp-json\/wp\/v2\/media?parent=3180"}],"curies":[{"name":"wp","href":"https:\/\/api.w.org\/{rel}","templated":true}]}}